{"id":93,"date":"2017-07-06T10:52:18","date_gmt":"2017-07-06T08:52:18","guid":{"rendered":"http:\/\/pcpr.elk.pl\/WP\/?page_id=93"},"modified":"2017-07-06T21:40:49","modified_gmt":"2017-07-06T19:40:49","slug":"organizacje-pozarzadowe","status":"publish","type":"page","link":"https:\/\/pcpr.elk.pl\/index.php\/instytucje-placowki-i-organizacje-pozarzadowe\/organizacje-pozarzadowe\/","title":{"rendered":"Organizacje pozarz\u0105dowe"},"content":{"rendered":"<h3 class=\"western\">Wsparcie organizacji pozarz\u0105dowych dzia\u0142aj\u0105cych na rzecz os\u00f3b niepe\u0142nosprawnych<\/h3>\n<p>&nbsp;<\/p>\n<p lang=\"pl-PL\">Na terenie Powiatu E\u0142ckiego dzia\u0142aj\u0105 m.in.<\/p>\n<ol>\n<li>\n<p lang=\"pl-PL\">Polski Zwi\u0105zek Niewidomych, Okr\u0105g Warmi\u0144sko- Mazurski, Ko\u0142o w E\u0142ku<\/p>\n<\/li>\n<li>\n<p lang=\"pl-PL\">Polski Zwi\u0105zek Emeryt\u00f3w, Rencist\u00f3w i Inwalid\u00f3w, Oddzia\u0142 Rejonowy w E\u0142ku<\/p>\n<\/li>\n<li>\n<p lang=\"pl-PL\">Stowarzyszenie Przyjaci\u00f3\u0142 \u201eAmazonki\u201d w E\u0142ku<\/p>\n<\/li>\n<li>\n<p lang=\"pl-PL\">Stowarzyszenie Przyjaci\u00f3\u0142 Os\u00f3b Niepe\u0142nosprawnych \u201ePrzysta\u0144\u201d przy Domu Pomocy Spo\u0142ecznej w Nowej Wsi E\u0142ckiej<\/p>\n<\/li>\n<li>\n<p lang=\"pl-PL\">Katolickie Stowarzyszenie Niepe\u0142nosprawnych Diecezji E\u0142ckiej<\/p>\n<\/li>\n<li>\n<p lang=\"pl-PL\">Warmi\u0144sko- Mazurskie Stowarzyszenie Chorych na SM w E\u0142ku<\/p>\n<\/li>\n<\/ol>\n<p>W ramach sportu, kultury, turystyki i rekreacji Powiatowe Centrum Pomocy Rodzinie w E\u0142ku mo\u017ce dofinansowa\u0107 np. udzia\u0142 os\u00f3b niepe\u0142nosprawnych w wycieczkach czy imprezach integracyjnych.<\/p>\n<h4 class=\"western\">Wysoko\u015b\u0107 dofinansowania:<\/h4>\n<p>Wysoko\u015b\u0107 dofinansowania wynosi do 60% koszt\u00f3w ca\u0142kowitych planowanego przedsi\u0119wzi\u0119cia.<br \/>\nStowarzyszenie musi posiada\u0107 \u015brodki w\u0142asne uzupe\u0142niaj\u0105ce przyznane dofinansowanie w wysoko\u015bci min. 40%. \u015brodki te mog\u0105 pochodzi\u0107 ze sk\u0142adek cz\u0142onkowskich i innych \u017ar\u00f3de\u0142 poza PFRON.<\/p>\n","protected":false},"excerpt":{"rendered":"<p>Wsparcie organizacji pozarz\u0105dowych dzia\u0142aj\u0105cych na rzecz os\u00f3b niepe\u0142nosprawnych &nbsp; Na terenie Powiatu E\u0142ckiego dzia\u0142aj\u0105 m.in. Polski Zwi\u0105zek Niewidomych, Okr\u0105g Warmi\u0144sko- Mazurski, Ko\u0142o w E\u0142ku Polski Zwi\u0105zek Emeryt\u00f3w, Rencist\u00f3w i Inwalid\u00f3w, Oddzia\u0142 Rejonowy w E\u0142ku Stowarzyszenie Przyjaci\u00f3\u0142 \u201eAmazonki\u201d w E\u0142ku Stowarzyszenie Przyjaci\u00f3\u0142 Os\u00f3b Niepe\u0142nosprawnych \u201ePrzysta\u0144\u201d przy Domu Pomocy Spo\u0142ecznej w Nowej Wsi E\u0142ckiej Katolickie Stowarzyszenie Niepe\u0142nosprawnych [&hellip;]<\/p>\n","protected":false},"author":1,"featured_media":0,"parent":36,"menu_order":1,"comment_status":"closed","ping_status":"closed","template":"","meta":[],"_links":{"self":[{"href":"https:\/\/pcpr.elk.pl\/index.php\/wp-json\/wp\/v2\/pages\/93"}],"collection":[{"href":"https:\/\/pcpr.elk.pl\/index.php\/wp-json\/wp\/v2\/pages"}],"about":[{"href":"https:\/\/pcpr.elk.pl\/index.php\/wp-json\/wp\/v2\/types\/page"}],"author":[{"embeddable":true,"href":"https:\/\/pcpr.elk.pl\/index.php\/wp-json\/wp\/v2\/users\/1"}],"replies":[{"embeddable":true,"href":"https:\/\/pcpr.elk.pl\/index.php\/wp-json\/wp\/v2\/comments?post=93"}],"version-history":[{"count":2,"href":"https:\/\/pcpr.elk.pl\/index.php\/wp-json\/wp\/v2\/pages\/93\/revisions"}],"predecessor-version":[{"id":133,"href":"https:\/\/pcpr.elk.pl\/index.php\/wp-json\/wp\/v2\/pages\/93\/revisions\/133"}],"up":[{"embeddable":true,"href":"https:\/\/pcpr.elk.pl\/index.php\/wp-json\/wp\/v2\/pages\/36"}],"wp:attachment":[{"href":"https:\/\/pcpr.elk.pl\/index.php\/wp-json\/wp\/v2\/media?parent=93"}],"curies":[{"name":"wp","href":"https:\/\/api.w.org\/{rel}","templated":true}]}}