{"id":80,"date":"2017-07-05T19:26:11","date_gmt":"2017-07-05T17:26:11","guid":{"rendered":"http:\/\/pcpr.elk.pl\/WP\/?page_id=80"},"modified":"2017-07-18T11:58:52","modified_gmt":"2017-07-18T09:58:52","slug":"przydatne-strony","status":"publish","type":"page","link":"https:\/\/pcpr.elk.pl\/index.php\/pcpr-elk\/dzial-ds-osob-niepelnosprawnych\/przydatne-strony\/","title":{"rendered":"Przydatne strony"},"content":{"rendered":"<h1>Przydatne strony:<\/h1>\n<h4>Pa\u0144stwowy Fundusz Rehabilitacji Os\u00f3b Niepe\u0142nosprawnych<\/h4>\n<p><a href=\"http:\/\/www.pfron.org.pl\/portal\/pl\/\">http:\/\/www.pfron.org.pl\/portal\/pl\/<\/a><\/p>\n<p>&nbsp;<\/p>\n<h4>Portal dla os\u00f3b niepe\u0142nosprawnych<\/h4>\n<p><a href=\"http:\/\/www.niepelnosprawni.pl\/?gclid=CP2ftfjRyqUCFYgh3wodXScLmA\">http:\/\/www.niepelnosprawni.pl\/?gclid=CP2ftfjRyqUCFYgh3wodXScLmA<\/a><\/p>\n<p>&nbsp;<\/p>\n<h4>Biuletyn Informacji Publicznej Starostwa Powiatowego w E\u0142ku.<\/h4>\n<p><a href=\"http:\/\/bip.warmia.mazury.pl\/powiat_elcki\/77\/POWIAT_ELCKI\/\">http:\/\/bip.warmia.mazury.pl\/powiat_elcki\/77\/POWIAT_ELCKI\/<\/a><\/p>\n<p>&nbsp;<\/p>\n<h4>Strona Urz\u0119du Marsza\u0142kowskiego Wojew\u00f3dztwa Warmi\u0144sko- Mazurskiego dotycz\u0105ca realizacji Programu Operacyjnego Kapita\u0142 Ludzki 2007-2013.<\/h4>\n<p><a href=\"http:\/\/efs.warmia.mazury.pl\/\">http:\/\/efs.warmia.mazury.pl\/<\/a><\/p>\n<p>&nbsp;<\/p>\n<h4>Centralna Baza Danych O\u015brodk\u00f3w i Organizator\u00f3w Turnus\u00f3w dla Os\u00f3b Niepe\u0142nosprawnych<\/h4>\n<p><a href=\"http:\/\/www.ebon.mps.gov.pl\/wprowadzenie\/\">http:\/\/www.ebon.mps.gov.pl\/wprowadzenie\/<\/a><\/p>\n<p>&nbsp;<\/p>\n<h4>Caritas Diecezji E\u0142ckiej<\/h4>\n<p><a href=\"http:\/\/elk.caritas.pl\/\">http:\/\/elk.caritas.pl\/<\/a><\/p>\n<p>&nbsp;<\/p>\n<h4>Polski Zwi\u0105zek Emeryt\u00f3w, Rencist\u00f3w i Inwalid\u00f3w Oddzia\u0142 Rejonowy w E\u0142ku<\/h4>\n<p><a href=\"http:\/\/pzerii.pl\/index.php?s=aktualnosci_roz&amp;p=164\">http:\/\/pzerii.pl\/index.php?s=aktualnosci_roz&amp;p=164<\/a><\/p>\n<p>&nbsp;<\/p>\n<h4>Warsztaty Terapii Zaj\u0119ciowej w E\u0142ku<\/h4>\n<p><a href=\"http:\/\/www.wtzelk.elk.pl\/\">http:\/\/www.wtzelk.elk.pl\/<\/a><\/p>\n<p>&nbsp;<\/p>\n<h4>Platforma wideo s\u0142u\u017c\u0105ca do dystrybucji bezp\u0142atnych film\u00f3w w Polskim J\u0119zyku Migowym wyja\u015bniaj\u0105cych osobom G\u0142uchym jak za\u0142atwiaj\u0105 sprawy w urz\u0119dzie oraz jak wype\u0142nia\u0107 formularze<\/h4>\n<p><a href=\"http:\/\/www.milczacyprzewodnik.likejon.pl\/\">http:\/\/www.milczacyprzewodnik.likejon.pl\/<\/a><\/p>\n","protected":false},"excerpt":{"rendered":"<p>Przydatne strony: Pa\u0144stwowy Fundusz Rehabilitacji Os\u00f3b Niepe\u0142nosprawnych http:\/\/www.pfron.org.pl\/portal\/pl\/ &nbsp; Portal dla os\u00f3b niepe\u0142nosprawnych http:\/\/www.niepelnosprawni.pl\/?gclid=CP2ftfjRyqUCFYgh3wodXScLmA &nbsp; Biuletyn Informacji Publicznej Starostwa Powiatowego w E\u0142ku. http:\/\/bip.warmia.mazury.pl\/powiat_elcki\/77\/POWIAT_ELCKI\/ &nbsp; Strona Urz\u0119du Marsza\u0142kowskiego Wojew\u00f3dztwa Warmi\u0144sko- Mazurskiego dotycz\u0105ca realizacji Programu Operacyjnego Kapita\u0142 Ludzki 2007-2013. http:\/\/efs.warmia.mazury.pl\/ &nbsp; Centralna Baza Danych O\u015brodk\u00f3w i Organizator\u00f3w Turnus\u00f3w dla Os\u00f3b Niepe\u0142nosprawnych http:\/\/www.ebon.mps.gov.pl\/wprowadzenie\/ &nbsp; Caritas Diecezji E\u0142ckiej http:\/\/elk.caritas.pl\/ [&hellip;]<\/p>\n","protected":false},"author":1,"featured_media":0,"parent":16,"menu_order":2,"comment_status":"closed","ping_status":"closed","template":"","meta":[],"_links":{"self":[{"href":"https:\/\/pcpr.elk.pl\/index.php\/wp-json\/wp\/v2\/pages\/80"}],"collection":[{"href":"https:\/\/pcpr.elk.pl\/index.php\/wp-json\/wp\/v2\/pages"}],"about":[{"href":"https:\/\/pcpr.elk.pl\/index.php\/wp-json\/wp\/v2\/types\/page"}],"author":[{"embeddable":true,"href":"https:\/\/pcpr.elk.pl\/index.php\/wp-json\/wp\/v2\/users\/1"}],"replies":[{"embeddable":true,"href":"https:\/\/pcpr.elk.pl\/index.php\/wp-json\/wp\/v2\/comments?post=80"}],"version-history":[{"count":6,"href":"https:\/\/pcpr.elk.pl\/index.php\/wp-json\/wp\/v2\/pages\/80\/revisions"}],"predecessor-version":[{"id":200,"href":"https:\/\/pcpr.elk.pl\/index.php\/wp-json\/wp\/v2\/pages\/80\/revisions\/200"}],"up":[{"embeddable":true,"href":"https:\/\/pcpr.elk.pl\/index.php\/wp-json\/wp\/v2\/pages\/16"}],"wp:attachment":[{"href":"https:\/\/pcpr.elk.pl\/index.php\/wp-json\/wp\/v2\/media?parent=80"}],"curies":[{"name":"wp","href":"https:\/\/api.w.org\/{rel}","templated":true}]}}

<h1>Przydatne strony:</h1>
<h4>Państwowy Fundusz Rehabilitacji Osób Niepełnosprawnych</h4>
<p><a href="http://www.pfron.org.pl/portal/pl/">http://www.pfron.org.pl/portal/pl/</a></p>
<p>&nbsp;</p>
<h4>Portal dla osób niepełnosprawnych</h4>
<p><a href="http://www.niepelnosprawni.pl/?gclid=CP2ftfjRyqUCFYgh3wodXScLmA">http://www.niepelnosprawni.pl/?gclid=CP2ftfjRyqUCFYgh3wodXScLmA</a></p>
<p>&nbsp;</p>
<h4>Biuletyn Informacji Publicznej Starostwa Powiatowego w Ełku.</h4>
<p><a href="http://bip.warmia.mazury.pl/powiat_elcki/77/POWIAT_ELCKI/">http://bip.warmia.mazury.pl/powiat_elcki/77/POWIAT_ELCKI/</a></p>
<p>&nbsp;</p>
<h4>Strona Urzędu Marszałkowskiego Województwa Warmińsko- Mazurskiego dotycząca realizacji Programu Operacyjnego Kapitał Ludzki 2007-2013.</h4>
<p><a href="http://efs.warmia.mazury.pl/">http://efs.warmia.mazury.pl/</a></p>
<p>&nbsp;</p>
<h4>Centralna Baza Danych Ośrodków i Organizatorów Turnusów dla Osób Niepełnosprawnych</h4>
<p><a href="http://www.ebon.mps.gov.pl/wprowadzenie/">http://www.ebon.mps.gov.pl/wprowadzenie/</a></p>
<p>&nbsp;</p>
<h4>Caritas Diecezji Ełckiej</h4>
<p><a href="http://elk.caritas.pl/">http://elk.caritas.pl/</a></p>
<p>&nbsp;</p>
<h4>Polski Związek Emerytów, Rencistów i Inwalidów Oddział Rejonowy w Ełku</h4>
<p><a href="http://pzerii.pl/index.php?s=aktualnosci_roz&amp;p=164">http://pzerii.pl/index.php?s=aktualnosci_roz&amp;p=164</a></p>
<p>&nbsp;</p>
<h4>Warsztaty Terapii Zajęciowej w Ełku</h4>
<p><a href="http://www.wtzelk.elk.pl/">http://www.wtzelk.elk.pl/</a></p>
<p>&nbsp;</p>
<h4>Platforma wideo służąca do dystrybucji bezpłatnych filmów w Polskim Języku Migowym wyjaśniających osobom Głuchym jak załatwiają sprawy w urzędzie oraz jak wypełniać formularze</h4>
<p><a href="http://www.milczacyprzewodnik.likejon.pl/">http://www.milczacyprzewodnik.likejon.pl/</a></p>

<p>Przydatne strony: Państwowy Fundusz Rehabilitacji Osób Niepełnosprawnych http://www.pfron.org.pl/portal/pl/ &nbsp; Portal dla osób niepełnosprawnych http://www.niepelnosprawni.pl/?gclid=CP2ftfjRyqUCFYgh3wodXScLmA &nbsp; Biuletyn Informacji Publicznej Starostwa Powiatowego w Ełku. http://bip.warmia.mazury.pl/powiat_elcki/77/POWIAT_ELCKI/ &nbsp; Strona Urzędu Marszałkowskiego Województwa Warmińsko- Mazurskiego dotycząca realizacji Programu Operacyjnego Kapitał Ludzki 2007-2013. http://efs.warmia.mazury.pl/ &nbsp; Centralna Baza Danych Ośrodków i Organizatorów Turnusów dla Osób Niepełnosprawnych http://www.ebon.mps.gov.pl/wprowadzenie/ &nbsp; Caritas Diecezji Ełckiej http://elk.caritas.pl/ [&hellip;]</p>
