{"id":78,"date":"2017-07-05T19:24:50","date_gmt":"2017-07-05T17:24:50","guid":{"rendered":"http:\/\/pcpr.elk.pl\/WP\/?page_id=78"},"modified":"2017-07-06T10:58:59","modified_gmt":"2017-07-06T08:58:59","slug":"dzialalnosc","status":"publish","type":"page","link":"https:\/\/pcpr.elk.pl\/index.php\/pcpr-elk\/dzial-ds-osob-niepelnosprawnych\/dzialalnosc\/","title":{"rendered":"Dzia\u0142alno\u015b\u0107"},"content":{"rendered":"<h1 style=\"text-align: center;\">Dzia\u0142alno\u015b\u0107<\/h1>\n<p>&nbsp;<\/p>\n<ol>\n<li>\n<h4><strong>Programy unijne<\/strong><\/h4>\n<p lang=\"pl-PL\">Realizowane projekty dofinansowane ze \u015brodk\u00f3w Europejskiego Funduszu Spo\u0142ecznego w ramach Programu Operacyjnego Kapita\u0142 Ludzki 2007-2013.<\/p>\n<\/li>\n<\/ol>\n<ul>\n<li>\n<p lang=\"pl-PL\" align=\"JUSTIFY\">\u201e<em>Aktywizacja zawodowa i integracja spo\u0142eczna bezrobotnych os\u00f3b niepe\u0142nosprawnych w powiecie e\u0142ckim\u201d <\/em><\/p>\n<\/li>\n<\/ul>\n<p lang=\"pl-PL\" align=\"JUSTIFY\">Projekt realizowany od pa\u017adziernika 2008 r. do grudnia 2010r. Jego celem jest aktywizacja zawodowa i integracja spo\u0142eczna bezrobotnych os\u00f3b niepe\u0142nosprawnych z terenu Powiatu E\u0142ckiego w wieku aktywno\u015bci zawodowej korzystaj\u0105cych ze \u015bwiadcze\u0144 pomocy spo\u0142ecznej. W ramach projektu uczestnicy s\u0105 obj\u0119ci m.in. wsparciem w postaci zaj\u0119\u0107 z pedagogiem, psychologiem jak r\u00f3wnie\u017c bior\u0105 udzia\u0142 w turnusie rehabilitacyjnym i w szkoleniu zawodowym. Od pocz\u0105tki realizacji projektu wsparciem zostaje obj\u0119tych ponad 115 os\u00f3b.<\/p>\n<ul>\n<li>\n<p lang=\"pl-PL\" align=\"JUSTIFY\">\u201e<em>Wykorzystaj swoj\u0105 szans?\u201d <\/em><\/p>\n<\/li>\n<\/ul>\n<p lang=\"pl-PL\" align=\"JUSTIFY\">Projekt realizowany od kwietnia 2010 r. do marca 2011r. skierowany jest do bezrobotnych os\u00f3b z terenu Powiatu E\u0142ckiego w wieku aktywno\u015bci zawodowej, kt\u00f3re s\u0105 zagro\u017cone wykluczeniem spo\u0142ecznym (m.in. niepe\u0142nosprawne, d\u0142ugotrwale bezrobotne, bezdomne, uzale\u017cnione). W projekcie wzi\u0119\u0142o udzia\u0142 75 os\u00f3b, kt\u00f3re zosta\u0142y obj\u0119te szkoleniami zawodowymi oraz specjalistycznym poradnictwem. 15 os\u00f3b zosta\u0142o skierowanym na sta\u017c.<\/p>\n<ul>\n<li>\n<p lang=\"pl-PL\" align=\"JUSTIFY\">\u201e<em>Aktywny m\u0142ody na rynku pracy\u201d<\/em><\/p>\n<\/li>\n<\/ul>\n<p lang=\"pl-PL\" align=\"JUSTIFY\">Projekt realizowany w ramach umowy podpisanej z Wojew\u00f3dzkim Urz\u0119dem Pracy w Olsztynie. Termin realizacji projektu od maja 2010r. do lutego 2011r. Uczestnikami projektu s\u0105 bezrobotne osoby m\u0142ode w wieku 18-24, kt\u00f3re obj\u0119te zosta\u0142y specjalistycznym wsparciem oraz szkoleniami zawodowymi. W projekcie bierze udzia\u0142 60 os\u00f3b, 15 os\u00f3b skierowanych zosta\u0142o na sta\u017c.<\/p>\n<h4 style=\"padding-left: 30px;\"><strong>2) Wydarzenia<\/strong><\/h4>\n<ul>\n<li>\n<p lang=\"pl-PL\"><em>Festyn integracyjny 2010r.<\/em><\/p>\n<\/li>\n<\/ul>\n<p align=\"JUSTIFY\"><span lang=\"pl-PL\">Powiatowe Centrum Pomocy Rodzinie w E\u0142<\/span><span lang=\"en-US\">ku wsp<\/span><span lang=\"pl-PL\">\u00f3<\/span><span lang=\"en-US\">lnie ze Starostwem Powiatowym w <\/span><span lang=\"en-US\">E<\/span><span lang=\"pl-PL\">\u0142<\/span><span lang=\"en-US\">ku i E<\/span><span lang=\"pl-PL\">\u0142<\/span><span lang=\"en-US\">ckim Centrum Kultury jak co roku zorganizowa<\/span><span lang=\"pl-PL\">\u0142<\/span><span lang=\"en-US\">o dnia 21 czerwca 2010 r. Festyn <\/span><span lang=\"en-US\">Integracyjny. Festyn odby<\/span><span lang=\"pl-PL\">\u0142<\/span><span lang=\"en-US\"> si<\/span><span lang=\"pl-PL\">\u0119<\/span><span lang=\"en-US\"> w sali <\/span><span lang=\"pl-PL\">\u201e<\/span><span lang=\"en-US\">Zebra&#8221; E<\/span><span lang=\"pl-PL\">\u0142<\/span><span lang=\"en-US\">ckiego Centrum Kultury w godzinach 9.30-12.30. <\/span><span lang=\"en-US\">Festyn otworzyli i serdecznie powitali wszystkich Dyrektor Powiatowego Centrum Pomocy <\/span><span lang=\"en-US\">Rodzinie w E<\/span><span lang=\"pl-PL\">\u0142<\/span><span lang=\"en-US\">ku Iwona Nowakowska oraz Wicestarosta Powiatu E<\/span><span lang=\"pl-PL\">\u0142<\/span><span lang=\"en-US\">ckiego Marek Chojnowski.<\/span><\/p>\n<p align=\"JUSTIFY\"><span lang=\"pl-PL\">W Festynie udzia\u0142<\/span><span lang=\"en-US\"> wzi\u0105\u0142<\/span><span lang=\"en-US\"> dzieci niepe\u0142<\/span><span lang=\"en-US\">nosprawne i pe\u0142<\/span><span lang=\"en-US\">nosprawne ze szk<\/span><span lang=\"pl-PL\">\u00f3\u0142<\/span><span lang=\"en-US\"> podstawowych <\/span><span lang=\"en-US\">oraz przedszkoli. Festyn poprowadzony by\u0142<\/span><span lang=\"en-US\"> przez grup<\/span><span lang=\"pl-PL\">\u0105<\/span><span lang=\"en-US\"> cyrkow<\/span><span lang=\"pl-PL\">\u0105<\/span><span lang=\"en-US\"> The CLOWN CIRCUS SHOW RUPHERT &amp; RICO, kt<\/span><span lang=\"pl-PL\">\u00f3<\/span><span lang=\"en-US\">ra przygotowa<\/span><span lang=\"pl-PL\">\u0142<\/span><span lang=\"en-US\">a wszystkim dzieciom wiele niespodzianek i atrakcji m.in. wybuchaj<\/span><span lang=\"pl-PL\">\u0105<\/span><span lang=\"en-US\">ce confetti, ba<\/span><span lang=\"pl-PL\">\u0144<\/span><span lang=\"en-US\">ki mydlane, s<\/span><span lang=\"pl-PL\">\u0142<\/span><span lang=\"en-US\">odko<\/span><span lang=\"pl-PL\">\u015b<\/span><span lang=\"en-US\">ci oraz gad<\/span><span lang=\"pl-PL\">\u017c<\/span><span lang=\"en-US\">ety cyrkowe.<\/span><\/p>\n<p align=\"JUSTIFY\"><span lang=\"pl-PL\">Wszystkie dzieci wraz z opiekunami bawi\u0142<\/span><span lang=\"en-US\">y si<\/span><span lang=\"pl-PL\">\u0119<\/span><span lang=\"en-US\"> wy<\/span><span lang=\"pl-PL\">\u015b<\/span><span lang=\"en-US\">mienicie, a wszystko dzi<\/span><span lang=\"pl-PL\">\u0119<\/span><span lang=\"en-US\">ki wspania<\/span><span lang=\"pl-PL\">\u0142<\/span><span lang=\"en-US\">ej atmosferze panuj<\/span><span lang=\"pl-PL\">\u0105<\/span><span lang=\"en-US\">cej na sali.<\/span><\/p>\n<p align=\"JUSTIFY\"><span lang=\"pl-PL\">Tradycja organizacji tego rodzaju festynu jest bardzo cenna. Taka forma integracji os\u00f3<\/span><span lang=\"en-US\">b niepe<\/span><span lang=\"pl-PL\">\u0142<\/span><span lang=\"en-US\">nosprawnych ze <\/span><span lang=\"en-US\">\u015brodowiskiem zwi<\/span><span lang=\"pl-PL\">\u0119<\/span><span lang=\"en-US\">ksza poczucie w<\/span><span lang=\"pl-PL\">\u0142<\/span><span lang=\"en-US\">asnej akceptacji, tolerancji, kszta<\/span><span lang=\"pl-PL\">\u0142<\/span><span lang=\"en-US\">tuje <\/span><span lang=\"en-US\">pozytywny wizerunek osoby niepe<\/span><span lang=\"pl-PL\">\u0142<\/span><span lang=\"en-US\">nosprawnej, zanikaj<\/span><span lang=\"en-US\"> bariery mi<\/span><span lang=\"pl-PL\">\u0119<\/span><span lang=\"en-US\">dzy osobami <\/span><span lang=\"en-US\">niepe<\/span><span lang=\"pl-PL\">\u0142<\/span><span lang=\"en-US\">nosprawnymi i pe<\/span><span lang=\"pl-PL\">\u0142<\/span><span lang=\"en-US\">nosprawnymi.<\/span><\/p>\n<p align=\"JUSTIFY\"><span lang=\"pl-PL\">Podsumowuj\u0105<\/span><span lang=\"en-US\">c mo<\/span><span lang=\"pl-PL\">\u017c<\/span><span lang=\"en-US\">na <\/span><span lang=\"pl-PL\">\u015b<\/span><span lang=\"en-US\">mia<\/span><span lang=\"pl-PL\">\u0142<\/span><span lang=\"en-US\">o stwierdzi<\/span><span lang=\"pl-PL\">\u0107<\/span><span lang=\"en-US\">, i<\/span><span lang=\"pl-PL\">\u017c<\/span><span lang=\"en-US\"> dzieci niepe<\/span><span lang=\"pl-PL\">\u0142<\/span><span lang=\"en-US\">nosprawne i sprawne nawi<\/span><span lang=\"pl-PL\">\u0105<\/span><span lang=\"en-US\">za<\/span><span lang=\"pl-PL\">\u0142<\/span><span lang=\"en-US\">y pozytywne relacje i wspaniale si<\/span><span lang=\"pl-PL\">\u0119<\/span><span lang=\"en-US\"> bawi<\/span><span lang=\"pl-PL\">\u0142<\/span><span lang=\"en-US\">y.<\/span><\/p>\n<ul>\n<li>\n<p lang=\"pl-PL\"><em>Debata pt.: \u201eNormalno\u015b\u0107 w niepe\u0142nosprawno\u015bci\u201d 2010r.<\/em><\/p>\n<\/li>\n<\/ul>\n<p align=\"JUSTIFY\"><span lang=\"pl-PL\">&#8222;Normalno\u015b\u0107<\/span><span lang=\"en-US\"> w niepe\u0142<\/span><span lang=\"en-US\">nosprawno<\/span><span lang=\"pl-PL\">\u015b<\/span><span lang=\"en-US\">ci&#8221; <\/span><span lang=\"pl-PL\">\u2014<\/span><span lang=\"en-US\"> to has\u0142<\/span><span lang=\"en-US\">o tegorocznej debaty po\u015b<\/span><span lang=\"en-US\">wi\u0119<\/span><span lang=\"en-US\">conej sytuacji os<\/span><span lang=\"pl-PL\">\u00f3<\/span><span lang=\"en-US\">b niepe<\/span><span lang=\"pl-PL\">\u0142<\/span><span lang=\"en-US\">nosprawnych w powiecie e\u0142<\/span><span lang=\"en-US\">ckim, kt\u00f3ra maj\u0105 miejsce 2 czerwca 2010 r.. W spotkaniu wzi\u0119\u0142o<\/span><span lang=\"en-US\"> udzia\u0142<\/span><span lang=\"pl-PL\"> kilkadziesi\u0105t os\u00f3b: <\/span><span lang=\"en-US\">zainteresowani, <\/span><span lang=\"en-US\">przewodnicz<\/span><span lang=\"pl-PL\">\u0105<\/span><span lang=\"en-US\">cy i prezesowie stowarzysze\u0144<\/span><span lang=\"en-US\"> os<\/span><span lang=\"pl-PL\">\u00f3<\/span><span lang=\"en-US\">b niepe<\/span><span lang=\"pl-PL\">\u0142<\/span><span lang=\"en-US\">nosprawnych oraz zaproszeni go<\/span><span lang=\"pl-PL\">\u015b<\/span><span lang=\"en-US\">cie.<\/span><\/p>\n<p lang=\"pl-PL\" align=\"JUSTIFY\">Dyskutowano o tym, jak zmieni\u0142<span lang=\"en-US\">o si<\/span>\u0119<span lang=\"en-US\"> w ostatnich latach <\/span>\u017c<span lang=\"en-US\">ycie os<\/span>\u00f3<span lang=\"en-US\">b niepe<\/span>\u0142<span lang=\"en-US\">nosprawnych oraz o pomocy <\/span>\u015b<span lang=\"en-US\">wiadczonej na ich rzecz przez nasze samorz<\/span>\u0105<span lang=\"en-US\">dy. Podczas debaty g\u0142<\/span><span lang=\"en-US\">os zabrali, m.in. Dyrektor PCPR w E\u0142ku Iwona Nowakowska, W-ce Starosta Powiatu E\u0142ckiego Marek Chojnowski, Prezydent E<\/span>\u0142<span lang=\"en-US\">ku Tomasz Andrukiewicz, Prezes Warmi<\/span>\u0144<span lang=\"en-US\">sko-Mazurskiego Sejmiku Os<\/span>\u00f3<span lang=\"en-US\">b Niepe<\/span>\u0142<span lang=\"en-US\">nosprawnych w Olsztynie Tadeusz Milewski, Kierownik oddzia<\/span>\u0142<span lang=\"en-US\">u PFRON w Olsztynie Janusz Surmacz, Wojciech Wawi<\/span>\u00f3<span lang=\"en-US\">rko z PUP w E<\/span>\u0142<span lang=\"en-US\">ku oraz nauczycielka ze Szko<\/span>\u0142<span lang=\"en-US\">y Podstawowej nr 4 w E\u0142ku Ewa Kowara.<\/span><\/p>\n","protected":false},"excerpt":{"rendered":"<p>Dzia\u0142alno\u015b\u0107 &nbsp; Programy unijne Realizowane projekty dofinansowane ze \u015brodk\u00f3w Europejskiego Funduszu Spo\u0142ecznego w ramach Programu Operacyjnego Kapita\u0142 Ludzki 2007-2013. \u201eAktywizacja zawodowa i integracja spo\u0142eczna bezrobotnych os\u00f3b niepe\u0142nosprawnych w powiecie e\u0142ckim\u201d Projekt realizowany od pa\u017adziernika 2008 r. do grudnia 2010r. Jego celem jest aktywizacja zawodowa i integracja spo\u0142eczna bezrobotnych os\u00f3b niepe\u0142nosprawnych z terenu Powiatu E\u0142ckiego w [&hellip;]<\/p>\n","protected":false},"author":1,"featured_media":0,"parent":16,"menu_order":1,"comment_status":"closed","ping_status":"closed","template":"","meta":[],"_links":{"self":[{"href":"https:\/\/pcpr.elk.pl\/index.php\/wp-json\/wp\/v2\/pages\/78"}],"collection":[{"href":"https:\/\/pcpr.elk.pl\/index.php\/wp-json\/wp\/v2\/pages"}],"about":[{"href":"https:\/\/pcpr.elk.pl\/index.php\/wp-json\/wp\/v2\/types\/page"}],"author":[{"embeddable":true,"href":"https:\/\/pcpr.elk.pl\/index.php\/wp-json\/wp\/v2\/users\/1"}],"replies":[{"embeddable":true,"href":"https:\/\/pcpr.elk.pl\/index.php\/wp-json\/wp\/v2\/comments?post=78"}],"version-history":[{"count":4,"href":"https:\/\/pcpr.elk.pl\/index.php\/wp-json\/wp\/v2\/pages\/78\/revisions"}],"predecessor-version":[{"id":95,"href":"https:\/\/pcpr.elk.pl\/index.php\/wp-json\/wp\/v2\/pages\/78\/revisions\/95"}],"up":[{"embeddable":true,"href":"https:\/\/pcpr.elk.pl\/index.php\/wp-json\/wp\/v2\/pages\/16"}],"wp:attachment":[{"href":"https:\/\/pcpr.elk.pl\/index.php\/wp-json\/wp\/v2\/media?parent=78"}],"curies":[{"name":"wp","href":"https:\/\/api.w.org\/{rel}","templated":true}]}}