{"id":374,"date":"2018-01-22T13:44:29","date_gmt":"2018-01-22T12:44:29","guid":{"rendered":"http:\/\/pcpr.elk.pl\/?page_id=374"},"modified":"2022-03-29T13:03:56","modified_gmt":"2022-03-29T11:03:56","slug":"legitymacja-osoby-niepelnosprawnej","status":"publish","type":"page","link":"https:\/\/pcpr.elk.pl\/index.php\/powiatowy-zespol-ds-orzekania-o-niepelnosprawnosci\/legitymacja-osoby-niepelnosprawnej\/","title":{"rendered":"Legitymacja osoby niepe\u0142nosprawnej"},"content":{"rendered":"<p><b>ZASADY WYDAWANIA LEGITYMACJI<\/b> &#8211; <a href=\"http:\/\/stara.pcpr.elk.pl\/pliki\/dokumenty\/niepelnospraw\/2017\/10\/ZasadyWydawaniaLegitymacjiOsobyNiepelnosprawnej.pdf\">pobierz<\/a><\/p>\n<p><b>WNIOSEK W SPRAWIE WYDANIA LEGITYMACJI <\/b><a href=\"https:\/\/pcpr.elk.pl\/wp-content\/uploads\/2018\/01\/wniosek-w-sprawie-wydania-legitymacji_2022.pdf\">&#8211; pobierz<\/a><\/p>\n<p><b>PISMO MINISTERSTWA INFRASTRUKTURY I BUDOWNICTWA W SPRAWIE LEGITYMACJ<\/b>I &#8211; <a href=\"http:\/\/stara.pcpr.elk.pl\/pliki\/dokumenty\/niepelnospraw\/2017\/10\/Ministerstwo.pdf\">pobierz<\/a><\/p>\n<p><b>LEGITYMACJA OSOBY NIEPE\u0141NOSPRAWNEJ A KORZYSTANIE Z ULG I UPRAWNIE\u0143 &#8211; WA\u017bNE INFORMACJE &#8211; <\/b><a href=\"http:\/\/stara.pcpr.elk.pl\/pliki\/dokumenty\/niepelnospraw\/2017\/10\/Pismolegitymacja.pdf\">pobierz<\/a><\/p>\n","protected":false},"excerpt":{"rendered":"<p>ZASADY WYDAWANIA LEGITYMACJI &#8211; pobierz WNIOSEK W SPRAWIE WYDANIA LEGITYMACJI &#8211; pobierz PISMO MINISTERSTWA INFRASTRUKTURY I BUDOWNICTWA W SPRAWIE LEGITYMACJI &#8211; pobierz LEGITYMACJA OSOBY NIEPE\u0141NOSPRAWNEJ A KORZYSTANIE Z ULG I UPRAWNIE\u0143 &#8211; WA\u017bNE INFORMACJE &#8211; pobierz<\/p>\n","protected":false},"author":1,"featured_media":0,"parent":40,"menu_order":3,"comment_status":"closed","ping_status":"closed","template":"","meta":[],"_links":{"self":[{"href":"https:\/\/pcpr.elk.pl\/index.php\/wp-json\/wp\/v2\/pages\/374"}],"collection":[{"href":"https:\/\/pcpr.elk.pl\/index.php\/wp-json\/wp\/v2\/pages"}],"about":[{"href":"https:\/\/pcpr.elk.pl\/index.php\/wp-json\/wp\/v2\/types\/page"}],"author":[{"embeddable":true,"href":"https:\/\/pcpr.elk.pl\/index.php\/wp-json\/wp\/v2\/users\/1"}],"replies":[{"embeddable":true,"href":"https:\/\/pcpr.elk.pl\/index.php\/wp-json\/wp\/v2\/comments?post=374"}],"version-history":[{"count":6,"href":"https:\/\/pcpr.elk.pl\/index.php\/wp-json\/wp\/v2\/pages\/374\/revisions"}],"predecessor-version":[{"id":1774,"href":"https:\/\/pcpr.elk.pl\/index.php\/wp-json\/wp\/v2\/pages\/374\/revisions\/1774"}],"up":[{"embeddable":true,"href":"https:\/\/pcpr.elk.pl\/index.php\/wp-json\/wp\/v2\/pages\/40"}],"wp:attachment":[{"href":"https:\/\/pcpr.elk.pl\/index.php\/wp-json\/wp\/v2\/media?parent=374"}],"curies":[{"name":"wp","href":"https:\/\/api.w.org\/{rel}","templated":true}]}}