{"id":2770,"date":"2024-10-11T12:28:26","date_gmt":"2024-10-11T10:28:26","guid":{"rendered":"https:\/\/pcpr.elk.pl\/?page_id=2770"},"modified":"2024-11-22T13:24:54","modified_gmt":"2024-11-22T12:24:54","slug":"sygnalisci","status":"publish","type":"page","link":"https:\/\/pcpr.elk.pl\/index.php\/sygnalisci\/","title":{"rendered":"Sygnali\u015bci"},"content":{"rendered":"\n<div class=\"page-header\">\n<h2 style=\"text-align: center;\"><span style=\"color: #000000;\">Zg\u0142aszanie przypadk\u00f3w naruszenia prawa &#8211; Sygnalista<\/span><\/h2>\n<\/div>\n<div>\n<h3><span style=\"color: #000000;\"><strong><span style=\"font-family: Arial, sans-serif;\"><span style=\"font-size: medium;\">Procedura zg\u0142aszania przypadk\u00f3w naruszenia prawa oraz ochrony os\u00f3b dokonuj\u0105cych zg\u0142osze\u0144<\/span><\/span><\/strong><\/span><\/h3>\n<p><span style=\"color: #000000;\"><strong><span style=\"font-family: Arial, sans-serif;\"><span style=\"font-size: medium;\">Podstawa prawna:<\/span><\/span><\/strong><\/span><\/p>\n<p><span style=\"color: #000000;\"><strong><span style=\"font-family: Arial, sans-serif;\"><span style=\"font-size: medium;\">\u00bb<\/span><\/span><\/strong><span style=\"font-family: Arial, sans-serif;\"><span style=\"font-size: medium;\"> Dyrektywa Parlamentu Europejskiego i Rady (UE) 2019\/1937 z dnia 23 pa\u017adziernika 2019 r. w sprawie ochrony os\u00f3b zg\u0142aszaj\u0105cych naruszenia prawa Unii (Dz. U. UE. L. z 2019, poz. 305, str. 17 ze zm.);<br \/><\/span><\/span><strong><span style=\"font-family: Arial, sans-serif;\"><span style=\"font-size: medium;\">\u00bb <\/span><\/span><\/strong><span style=\"font-family: Arial, sans-serif;\"><span style=\"font-size: medium;\">Ustawa z dnia 14 czerwca 2024r. o ochronie sygnalist\u00f3w (Dz.U. z 2024, poz. 928); <\/span><\/span><\/span><\/p>\n<h3 class=\"western\"><strong><span style=\"color: #000000;\"><span style=\"font-family: Arial, sans-serif;\"><span style=\"font-size: medium;\">Zg\u0142oszenia mo\u017cna dokona\u0107 w<\/span><\/span><\/span><\/strong><span style=\"color: #000000;\"><span style=\"font-family: Arial, sans-serif;\"><span style=\"font-size: medium;\">\u00a0nast\u0119p<\/span><\/span><\/span><span style=\"color: #000000;\"><span style=\"font-family: Arial, sans-serif;\"><span style=\"font-size: medium;\">uj\u0105cy<\/span><\/span><\/span><strong><span style=\"color: #000000;\"><span style=\"font-family: Arial, sans-serif;\"><span style=\"font-size: medium;\"> spos\u00f3b:<\/span><\/span><\/span><\/strong><\/h3>\n<span style=\"color: #000000;\"><strong><span style=\"font-family: Arial, sans-serif;\"><span style=\"font-size: medium;\"><span lang=\"zxx\">\u00bb<\/span><\/span><\/span><\/strong><span style=\"font-family: Arial, sans-serif;\"><span style=\"font-size: medium;\"><span lang=\"zxx\"> w postaci elektronicznej na adres e-mial: <\/span><\/span><\/span><span style=\"font-family: Arial, sans-serif;\"><span style=\"font-size: medium;\"><span lang=\"zxx\"><u>sygnalista@pcpr.elk.pl.<\/u><\/span><\/span><\/span><\/span>\n<p lang=\"zxx\" align=\"JUSTIFY\"><span style=\"font-family: Arial, sans-serif; color: #000000;\"><span style=\"font-size: medium;\">Procedura dokonywania zg\u0142osze\u0144 wewn\u0119trznych dotycz\u0105cych narusze\u0144 prawa i podejmowania dzia\u0142a\u0144 nast\u0119pczych w Powiatowym Centrum Pomocy Rodzinie w E\u0142ku (dalej: Procedura) okre\u015bla zasady i tryb zg\u0142aszania narusze\u0144 prawa w zakresie okre\u015blonym w art. 3 ust. 1 Ustawy z dnia 14 czerwca 2024r. o ochronie sygnalist\u00f3w (Dz.U. z 2024r. poz. 928 z p\u00f3\u017an. zm. &#8211; dalej: Ustawa),\u00a0 dotycz\u0105cych:<\/span><\/span><\/p>\n<p lang=\"ar-SA\"><span style=\"color: #000000;\"><span style=\"font-family: Arial, sans-serif;\"><span style=\"font-size: medium;\">1) korupcji;<\/span><\/span><\/span><\/p>\n<p lang=\"ar-SA\"><span style=\"color: #000000;\"><span style=\"font-family: Arial, sans-serif;\"><span style=\"font-size: medium;\">2) zam\u00f3wie\u0144 publicznych;<\/span><\/span><\/span><\/p>\n<p lang=\"ar-SA\"><span style=\"color: #000000;\"><span style=\"font-family: Arial, sans-serif;\"><span style=\"font-size: medium;\">3) us\u0142ug, produkt\u00f3w i rynk\u00f3w finansowych;<\/span><\/span><\/span><\/p>\n<p lang=\"ar-SA\"><span style=\"color: #000000;\"><span style=\"font-family: Arial, sans-serif;\"><span style=\"font-size: medium;\">4) przeciwdzia\u0142ania praniu pieni\u0119dzy oraz finansowaniu terroryzmu;<\/span><\/span><\/span><\/p>\n<p lang=\"ar-SA\"><span style=\"color: #000000;\"><span style=\"font-family: Arial, sans-serif;\"><span style=\"font-size: medium;\">5) bezpiecze\u0144stwa produkt\u00f3w i ich zgodno\u015bci z wymogami;<\/span><\/span><\/span><\/p>\n<p lang=\"ar-SA\"><span style=\"color: #000000;\"><span style=\"font-family: Arial, sans-serif;\"><span style=\"font-size: medium;\">6) bezpiecze\u0144stwa transportu;<\/span><\/span><\/span><\/p>\n<p lang=\"ar-SA\"><span style=\"color: #000000;\"><span style=\"font-family: Arial, sans-serif;\"><span style=\"font-size: medium;\">7) ochrony \u015brodowiska;<\/span><\/span><\/span><\/p>\n<p lang=\"ar-SA\"><span style=\"color: #000000;\"><span style=\"font-family: Arial, sans-serif;\"><span style=\"font-size: medium;\">8) ochrony radiologicznej i bezpiecze\u0144stwa j\u0105drowego;<\/span><\/span><\/span><\/p>\n<p lang=\"ar-SA\"><span style=\"color: #000000;\"><span style=\"font-family: Arial, sans-serif;\"><span style=\"font-size: medium;\">9) bezpiecze\u0144stwa \u017cywno\u015bci i pasz;<\/span><\/span><\/span><\/p>\n<p lang=\"ar-SA\"><span style=\"color: #000000;\"><span style=\"font-family: Arial, sans-serif;\"><span style=\"font-size: medium;\">10) zdrowia i dobrostanu zwierz\u0105t;<\/span><\/span><\/span><\/p>\n<p lang=\"ar-SA\"><span style=\"color: #000000;\"><span style=\"font-family: Arial, sans-serif;\"><span style=\"font-size: medium;\">11) zdrowia publicznego;<\/span><\/span><\/span><\/p>\n<p lang=\"ar-SA\"><span style=\"color: #000000;\"><span style=\"font-family: Arial, sans-serif;\"><span style=\"font-size: medium;\">12) ochrony konsument\u00f3w;<\/span><\/span><\/span><\/p>\n<p lang=\"ar-SA\"><span style=\"color: #000000;\"><span style=\"font-family: Arial, sans-serif;\"><span style=\"font-size: medium;\">13) ochrony prywatno\u015bci i danych osobowych;<\/span><\/span><\/span><\/p>\n<p lang=\"ar-SA\"><span style=\"color: #000000;\"><span style=\"font-family: Arial, sans-serif;\"><span style=\"font-size: medium;\">14) bezpiecze\u0144stwa sieci i system\u00f3w teleinformatycznych;<\/span><\/span><\/span><\/p>\n<p lang=\"ar-SA\"><span style=\"color: #000000;\"><span style=\"font-family: Arial, sans-serif;\"><span style=\"font-size: medium;\">15) interes\u00f3w finansowych Skarbu Pa\u0144stwa Rzeczypospolitej Polskiej, jednostki samorz\u0105du terytorialnego oraz Unii Europejskiej;<\/span><\/span><\/span><\/p>\n<p lang=\"ar-SA\"><span style=\"color: #000000;\"><span style=\"font-family: Arial, sans-serif;\"><span style=\"font-size: medium;\">16) rynku wewn\u0119trznego Unii Europejskiej, w tym publicznoprawnych zasad konkurencji i pomocy pa\u0144stwa oraz opodatkowania os\u00f3b prawnych;<\/span><\/span><\/span><\/p>\n<p lang=\"ar-SA\"><span style=\"color: #000000;\"><span style=\"font-family: Arial, sans-serif;\"><span style=\"font-size: medium;\">17) konstytucyjnych wolno\u015bci i praw cz\u0142owieka i obywatela \u2013 wyst\u0119puj\u0105ce w stosunkach jednostki z organami w\u0142adzy publicznej i niezwi\u0105zane z dziedzinami wskazanymi w pkt 1\u201316.<\/span><\/span><\/span><\/p>\n<\/div>\n<p lang=\"ar-SA\">\u00a0<\/p>\n<h3 align=\"CENTER\"><span style=\"color: #000000;\"><strong><span lang=\"zxx\">Zarz\u0105dzenie nr 15\/2024 Dyrektora<\/span> <\/strong><\/span><span lang=\"zxx\"><strong><span style=\"color: #000000;\">Powiatowego Centrum Pomocy Rodzinie w E\u0142ku z dnia 12 listopada 2024 r. <\/span>&#8211;\u00a0<\/strong><b><\/b><\/span><a href=\"https:\/\/pcpr.elk.pl\/wp-content\/uploads\/2024\/11\/Zarzadzenie-Dyrektora-PCPR-w-Elku.pdf\"><strong>POBIERZ<\/strong><\/a><\/h3>\n<div>\n<h3 lang=\"ar-SA\" style=\"text-align: center;\"><span style=\"color: #000000;\"><strong>Procedura dokonywania zg\u0142osze\u0144 wewn\u0119trznych dotycz\u0105cych narusze\u0144 prawa i podejmowania dzia\u0142a\u0144 nast\u0119pczych Powiatowego Centrum Pomocy Rodzinie w E\u0142ku<\/strong> &#8211; <a style=\"color: #000000;\" href=\"https:\/\/pcpr.elk.pl\/wp-content\/uploads\/2024\/11\/Procedura-dokonywania-zgloszen-wew.-dot.-naruszen-prawa-i-podejmowania-dzialan-nastepczych-PCPR-w-Elku.pdf\"><strong><span style=\"color: #000080;\">POBIERZ<\/span><\/strong><\/a><\/span><\/h3>\n<h3 style=\"text-align: center;\" align=\"CENTER\"><span style=\"color: #000000;\"><strong><span lang=\"zxx\">Ochrona danych osobowych sygnalisty &#8211; Zasady &#8211;<\/span><\/strong><\/span><a href=\"https:\/\/pcpr.elk.pl\/wp-content\/uploads\/2024\/11\/Ochrona-danych-osobowych-sygnalisty-ZASADY.pdf\"><span style=\"color: #000080;\"><strong> POBIERZ<\/strong><\/span><\/a><\/h3>\n<\/div>\n","protected":false},"excerpt":{"rendered":"<p>Zg\u0142aszanie przypadk\u00f3w naruszenia prawa &#8211; Sygnalista Procedura zg\u0142aszania przypadk\u00f3w naruszenia prawa oraz ochrony os\u00f3b dokonuj\u0105cych zg\u0142osze\u0144 Podstawa prawna: \u00bb Dyrektywa Parlamentu Europejskiego i Rady (UE) 2019\/1937 z dnia 23 pa\u017adziernika 2019 r. w sprawie ochrony os\u00f3b zg\u0142aszaj\u0105cych naruszenia prawa Unii (Dz. U. UE. L. z 2019, poz. 305, str. 17 ze zm.);\u00bb Ustawa z dnia [&hellip;]<\/p>\n","protected":false},"author":3,"featured_media":0,"parent":0,"menu_order":0,"comment_status":"closed","ping_status":"closed","template":"","meta":[],"_links":{"self":[{"href":"https:\/\/pcpr.elk.pl\/index.php\/wp-json\/wp\/v2\/pages\/2770"}],"collection":[{"href":"https:\/\/pcpr.elk.pl\/index.php\/wp-json\/wp\/v2\/pages"}],"about":[{"href":"https:\/\/pcpr.elk.pl\/index.php\/wp-json\/wp\/v2\/types\/page"}],"author":[{"embeddable":true,"href":"https:\/\/pcpr.elk.pl\/index.php\/wp-json\/wp\/v2\/users\/3"}],"replies":[{"embeddable":true,"href":"https:\/\/pcpr.elk.pl\/index.php\/wp-json\/wp\/v2\/comments?post=2770"}],"version-history":[{"count":20,"href":"https:\/\/pcpr.elk.pl\/index.php\/wp-json\/wp\/v2\/pages\/2770\/revisions"}],"predecessor-version":[{"id":2887,"href":"https:\/\/pcpr.elk.pl\/index.php\/wp-json\/wp\/v2\/pages\/2770\/revisions\/2887"}],"wp:attachment":[{"href":"https:\/\/pcpr.elk.pl\/index.php\/wp-json\/wp\/v2\/media?parent=2770"}],"curies":[{"name":"wp","href":"https:\/\/api.w.org\/{rel}","templated":true}]}}