{"id":1432,"date":"2021-02-19T16:23:12","date_gmt":"2021-02-19T15:23:12","guid":{"rendered":"http:\/\/pcpr.elk.pl\/?page_id=1432"},"modified":"2023-01-24T12:34:34","modified_gmt":"2023-01-24T11:34:34","slug":"deklaracja-dostepnosci","status":"publish","type":"page","link":"https:\/\/pcpr.elk.pl\/index.php\/deklaracja-dostepnosci\/","title":{"rendered":"Deklaracja Dost\u0119pno\u015bci"},"content":{"rendered":"<p align=\"center\">\n<style type=\"text\/css\">\n\t<!--\n\t\t@page { size: 21cm 29.7cm; margin: 2cm }\n\t\tP { margin-bottom: 0.21cm }\n\t\tSTRONG { font-weight: bold }\n\t\tA:link { color: #000080; so-language: zxx; text-decoration: underline }\n\t\tA:visited { color: #800000; so-language: zxx; text-decoration: underline }\n\t--><br \/>\n\t<\/style>\n<\/p>\n<p><strong><span style=\"font-size: large;\">Deklaracja dost\u0119pno\u015bci<\/span><\/strong><\/p>\n<p>Powiatowe Centrum Pomocy Rodzinie w E\u0142ku zobowi\u0105zuje si\u0119 zapewni\u0107 dost\u0119pno\u015b\u0107 swojej strony internetowej zgodnie z przepisami ustawy z dnia 4 kwietnia 2019 r. o dost\u0119pno\u015bci cyfrowej stron internetowych i aplikacji mobilnych podmiot\u00f3w publicznych. O\u015bwiadczenie w sprawie dost\u0119pno\u015bci ma zastosowanie do strony internetowej <a href=\"http:\/\/www.pcpr.elk.pl\/\">www.pcpr.elk.pl <\/a><\/p>\n<p>Data publikacji strony internetowej: 29-05-2017<\/p>\n<p>Data ostatniej istotnej aktualizacji strony: 24-01-2023<\/p>\n<p><strong>Status pod wzgl\u0119dem zgodno\u015bci z ustaw\u0105<\/strong><\/p>\n<p><strong>Strona internetowa jest zgodna<\/strong> z ustaw\u0105 z dnia 4 kwietnia 2019 r. o dost\u0119pno\u015bci cyfrowej stron internetowych i aplikacji mobilnych podmiot\u00f3w publicznych<\/p>\n<p>Deklaracj\u0119 sporz\u0105dzono na podstawie samooceny przeprowadzonej przez podmiot publiczny.<\/p>\n<p>Na stronie internetowej mo\u017cna korzysta\u0107 ze standardowych skr\u00f3t\u00f3w klawiaturowych.<\/p>\n<p><strong>Informacje zwrotne i dane kontaktowe<\/strong><\/p>\n<p>W przypadku problem\u00f3w z dost\u0119pno\u015bci\u0105 strony internetowej prosimy o kontakt.<\/p>\n<p>Osob\u0105 kontaktow\u0105 jest Marta Herbszt , adres e-mail: herbszt.m@pcpr.elk.pl, telefon: 87 621 15 50.<\/p>\n<p><strong>Informacja zwrotna<\/strong><\/p>\n<p>Ka\u017cdy ma prawo do wyst\u0105pienia z \u017c\u0105daniem zapewnienia dost\u0119pno\u015bci cyfrowej strony internetowej, aplikacji mobilnej lub jakiego\u015b ich elementu. Mo\u017cna tak\u017ce za\u017c\u0105da\u0107 udost\u0119pnienia informacji za pomoc\u0105 alternatywnego sposobu dost\u0119pu, na przyk\u0142ad przez odczytanie niedost\u0119pnego cyfrowo dokumentu, opisanie zawarto\u015bci filmu bez audiodeskrypcji itp. \u017b\u0105danie powinno zawiera\u0107 dane osoby zg\u0142aszaj\u0105cej \u017c\u0105danie, wskazanie, o kt\u00f3r\u0105 stron\u0119 internetow\u0105 lub aplikacj\u0119 mobiln\u0105 chodzi oraz spos\u00f3b kontaktu. Je\u017celi osoba \u017c\u0105daj\u0105ca zg\u0142asza potrzeb\u0119 otrzymania informacji za pomoc\u0105 alternatywnego sposobu dost\u0119pu, powinna tak\u017ce okre\u015bli\u0107 dogodny dla niej spos\u00f3b przedstawienia tej informacji. Podmiot publiczny powinien zrealizowa\u0107 \u017c\u0105danie niezw\u0142ocznie, nie p\u00f3\u017aniej ni\u017c w ci\u0105gu 7 dni od dnia wyst\u0105pienia z \u017c\u0105daniem. Je\u017celi dotrzymanie tego terminu nie jest mo\u017cliwe, podmiot publiczny niezw\u0142ocznie informuje o tym wnosz\u0105cego \u017c\u0105danie, kiedy realizacja \u017c\u0105dania b\u0119dzie mo\u017cliwa, przy czym termin ten nie mo\u017ce by\u0107 d\u0142u\u017cszy ni\u017c 2 miesi\u0105ce od dnia wyst\u0105pienia z \u017c\u0105daniem. Je\u017celi zapewnienie dost\u0119pno\u015bci cyfrowej nie jest mo\u017cliwe, podmiot publiczny mo\u017ce zaproponowa\u0107 alternatywny spos\u00f3b dost\u0119pu do informacji.<\/p>\n<p><strong>Post\u0119powanie odwo\u0142awcze<\/strong><\/p>\n<p>W przypadku, gdy podmiot publiczny odm\u00f3wi realizacji \u017c\u0105dania zapewnienia dost\u0119pno\u015bci lub alternatywnego sposobu dost\u0119pu do informacji, wnosz\u0105cy \u017c\u0105danie mo\u017cne z\u0142o\u017cy\u0107 skarg\u0119 w sprawie zapewniana dost\u0119pno\u015bci cyfrowej strony internetowej, aplikacji mobilnej lub elementu strony internetowej, lub aplikacji mobilnej.<\/p>\n<p>Po wyczerpaniu wskazanej wy\u017cej procedury mo\u017cna tak\u017ce z\u0142o\u017cy\u0107 wniosek do Rzecznika Praw Obywatelskich (<a href=\"https:\/\/www.rpo.gov.pl\/\">link do strony podmiotowej Rzecznika Praw Obywatelskich<\/a>).<\/p>\n<p><strong>Dost\u0119pno\u015b\u0107 architektoniczna<\/strong><\/p>\n<p><strong>Dostosowanie wej\u015b\u0107 do budynk\u00f3w<\/strong><\/p>\n<p>Budynek Powiatowego Centrum Pomocy Rodzinie ul. Pi\u0142sudskiego 5, 19-300 E\u0142k.<\/p>\n<p>Budynek Urz\u0119du jest cz\u0119\u015bciowo przystosowany do obs\u0142ugi os\u00f3b, kt\u00f3re maj\u0105 trudno\u015bci w poruszaniu si\u0119. Do budynku prowadz\u0105 2 wej\u015bcia od strony ul. Pi\u0142sudskiego. Dla os\u00f3b na w\u00f3zkach dost\u0119pne jest wej\u015bcie z wind\u0105 od strony I Liceum Og\u00f3lnokszta\u0142c\u0105cego im. S. \u017beromskiego.<\/p>\n<p>Budynek Powiatowego Zespo\u0142u ds. Orzekania o Niepe\u0142nosprawno\u015bci ul. Kili\u0144skiego 36, 19-300 E\u0142k jest przystosowany do obs\u0142ugi os\u00f3b, kt\u00f3re maj\u0105 trudno\u015bci w poruszaniu si\u0119. Do budynku prowadzi jedno wej\u015bcie od ul. Kili\u0144skiego z podjazdem do w\u00f3zk\u00f3w inwalidzkich.<\/p>\n<p><strong>Dostosowanie korytarzy<\/strong><\/p>\n<p>W obydwu budynkach szeroko\u015b\u0107 korytarzy umo\u017cliwia poruszanie si\u0119 os\u00f3b na w\u00f3zkach inwalidzkich.<\/p>\n<p><strong>Dostosowanie schod\u00f3w<\/strong><\/p>\n<p>w budynku PCPR na ka\u017cde pi\u0119tro mo\u017cna wjecha\u0107 wind\u0105, korytarze s\u0105 przystosowane do poruszania si\u0119 os\u00f3b z niepe\u0142nosprawno\u015bci\u0105.<\/p>\n<p><strong>Dostosowanie wind<\/strong><\/p>\n<p>W budynku PCPR znajduje si\u0119 winda przystosowana do przewozu os\u00f3b niepe\u0142nosprawnych.<\/p>\n<p><strong>Dost\u0119pno\u015b\u0107 platform<\/strong><\/p>\n<p>brak<\/p>\n<p><strong>Dost\u0119pno\u015b\u0107 p\u0119tli indukcyjnych<\/strong><\/p>\n<p>brak<\/p>\n<p><strong>Dostosowanie parking\u00f3w<\/strong><\/p>\n<p>Przed budynkiem PCPR nie ma parkingu na kt\u00f3rym wyznaczono miejsca dla os\u00f3b niepe\u0142nosprawnych.<\/p>\n<p>Przed budynkiem Powiatowego Zespo\u0142u ds. Orzekania o Niepe\u0142nosprawno\u015bci znajduje si\u0119 parking na kt\u00f3rym wyznaczono miejsca dla os\u00f3b niepe\u0142nosprawnych.<\/p>\n<p><strong>Prawo wst\u0119pu z psem asystuj\u0105cym<\/strong><\/p>\n<p>Do budynku i wszystkich jego pomieszcze\u0144 mo\u017cna wej\u015b\u0107 z psem asystuj\u0105cym.<\/p>\n<p><strong>Dost\u0119pno\u015b\u0107 t\u0142umacza j\u0119zyka migowego<\/strong><\/p>\n<p>W budynkach nie ma oznacze\u0144 w alfabecie Braille\u2019a i oznacze\u0144 w druku powi\u0119kszonym dla os\u00f3b niewidomych i s\u0142abowidz\u0105cych.<\/p>\n<p><strong>Dodatkowe informacje<\/strong><\/p>\n<p>Powiatowe Centrum Pomocy Rodzinie w E\u0142ku jest przygotowane na przyj\u0119cie os\u00f3b niepe\u0142nosprawnych. Prosimy o\u00a0wcze\u015bniejsze um\u00f3wienie\u00a0si\u0119 na wizyt\u0119 w urz\u0119dzie pod nr telefonu 87 621 15 50 lub\u00a0za\u00a0po\u015brednictwem narz\u0119dzi wsp\u00f3\u0142czesnej komunikacji, w\u00a0szczeg\u00f3lno\u015bci poprzez: poczt\u0119 elektroniczn\u0105 na adres e-mail: <a href=\"mailto:pcpr@powiat.elk.pl\">pcpr@powiat.elk.pl<\/a> . Zg\u0142oszenie zostanie przekazane do\u00a0merytorycznego pracownika, kt\u00f3ry skontaktuje si\u0119 za\u00a0pomoc\u0105 wybranego sposobu komunikacji (telefon, mail, faks) w celu potwierdzenia miejsca i\u00a0terminu wizyty.<\/p>\n<p><strong>Jeszcze wi\u0119ksza dost\u0119pno\u015b\u0107<\/strong><\/p>\n<p>Na stronie internetowej kontrast spe\u0142nia wymagania WCAG na poziomie AAA<\/p>\n<p><strong>Deklaracja poprawy dost\u0119pno\u015bci<\/strong><\/p>\n<p>Do ko\u0144ca 2021 roku strona internetowa zostanie w pe\u0142ni dostosowana do wymaga\u0144 prawnych<\/p>\n","protected":false},"excerpt":{"rendered":"<p>Deklaracja dost\u0119pno\u015bci Powiatowe Centrum Pomocy Rodzinie w E\u0142ku zobowi\u0105zuje si\u0119 zapewni\u0107 dost\u0119pno\u015b\u0107 swojej strony internetowej zgodnie z przepisami ustawy z dnia 4 kwietnia 2019 r. o dost\u0119pno\u015bci cyfrowej stron internetowych i aplikacji mobilnych podmiot\u00f3w publicznych. O\u015bwiadczenie w sprawie dost\u0119pno\u015bci ma zastosowanie do strony internetowej www.pcpr.elk.pl Data publikacji strony internetowej: 29-05-2017 Data ostatniej istotnej aktualizacji strony: [&hellip;]<\/p>\n","protected":false},"author":1,"featured_media":0,"parent":0,"menu_order":0,"comment_status":"closed","ping_status":"closed","template":"","meta":[],"_links":{"self":[{"href":"https:\/\/pcpr.elk.pl\/index.php\/wp-json\/wp\/v2\/pages\/1432"}],"collection":[{"href":"https:\/\/pcpr.elk.pl\/index.php\/wp-json\/wp\/v2\/pages"}],"about":[{"href":"https:\/\/pcpr.elk.pl\/index.php\/wp-json\/wp\/v2\/types\/page"}],"author":[{"embeddable":true,"href":"https:\/\/pcpr.elk.pl\/index.php\/wp-json\/wp\/v2\/users\/1"}],"replies":[{"embeddable":true,"href":"https:\/\/pcpr.elk.pl\/index.php\/wp-json\/wp\/v2\/comments?post=1432"}],"version-history":[{"count":4,"href":"https:\/\/pcpr.elk.pl\/index.php\/wp-json\/wp\/v2\/pages\/1432\/revisions"}],"predecessor-version":[{"id":1934,"href":"https:\/\/pcpr.elk.pl\/index.php\/wp-json\/wp\/v2\/pages\/1432\/revisions\/1934"}],"wp:attachment":[{"href":"https:\/\/pcpr.elk.pl\/index.php\/wp-json\/wp\/v2\/media?parent=1432"}],"curies":[{"name":"wp","href":"https:\/\/api.w.org\/{rel}","templated":true}]}}